{"id":9231,"date":"2023-02-16T21:57:20","date_gmt":"2023-02-17T02:57:20","guid":{"rendered":"https:\/\/ecjtech.com\/inicio\/?page_id=9231"},"modified":"2023-02-20T14:16:41","modified_gmt":"2023-02-20T19:16:41","slug":"quienes-somos","status":"publish","type":"page","link":"https:\/\/andes-cor.com\/?page_id=9231","title":{"rendered":"Nosotros"},"content":{"rendered":"<section class=\"wpb-content-wrapper\"><p>[vc_row rtl_reverse=\u00bbyes\u00bb _et_uniqid=\u00bbet_custom_uniqid_new_63eeacd1c8569&#8243; el_class=\u00bb.upp\u00bb][vc_column offset=\u00bbvc_hidden-xs\u00bb _et_uniqid=\u00bbet_custom_uniqid_new_63eeacd6b6bde\u00bb][vc_row_inner css=\u00bb.vc_custom_1676915591363{margin-top: 80px !important;}\u00bb _et_uniqid=\u00bbet_custom_uniqid_new_63f3b385314d7&#8243;][vc_column_inner width=\u00bb1\/2&#8243;][vc_custom_heading text=\u00bbHistor\u00eda\u00bb font_container=\u00bbtag:h2|font_size:45|text_align:left|color:%23004b8e|line_height:25px\u00bb use_theme_fonts=\u00bbyes\u00bb css_animation=\u00bbfadeInLeft\u00bb][vc_custom_heading text=\u00bbECJ TECHNOLOGY S.A.\u00bb font_container=\u00bbtag:p|font_size:26|text_align:left|color:%23004b8e\u00bb use_theme_fonts=\u00bbyes\u00bb css_animation=\u00bbslideInRight\u00bb][vc_single_image image=\u00bb9082&#8243; css_animation=\u00bbfadeIn\u00bb css=\u00bb.vc_custom_1676661611877{margin-bottom: 0px !important;}\u00bb][vc_column_text css=\u00bb.vc_custom_1676914419069{margin-top: 0px !important;}\u00bb]<\/p>\n<p style=\"text-align: justify;\">Fundada hace 15 a\u00f1os, ECJ TECHNOLOGY S.A., est\u00e1 dedicada a la Integraci\u00f3n de Sistemas de Automatizaci\u00f3n y Servicios de Campo especializada en:<\/p>\n<p>\u2705 Instrumentaci\u00f3n, Control y Automatizaci\u00f3n<br \/>\n\u2705 Sistemas de Monitoreo y Supervisi\u00f3n de Procesos<br \/>\n\u2705 Mantenimiento y construcci\u00f3n General.<br \/>\n\u2705 Ingenier\u00eda y Supervisi\u00f3n de obras.<br \/>\n\u2705 Desarrollo de Software y Programaci\u00f3n.<br \/>\nNuestro trabajo es reconocido no solo por la excelente prestaci\u00f3n de servicios en todo el Per\u00fa sino porque siempre tratamos de encontrar la mejor soluci\u00f3n para nuestros clientes estando en constante b\u00fasqueda y desarrollo de la ultima tecnolog\u00eda.<\/p>\n<p>Contamos con profesionales de amplia y reconocida experiencia en cada una de las \u00e1reas de la ingenier\u00eda (Electricidad, Electr\u00f3nica, Mec\u00e1nica y Sistemas), contamos tambi\u00e9n con Consultores Externos para ciertas \u00c1reas especiales de la Ingenier\u00eda. Todos ellos altamente calificados en su especialidad y constantemente actualizados con las nuevas tecnolog\u00edas para el campo industrial.<\/p>\n<p>[\/vc_column_text][\/vc_column_inner][vc_column_inner width=\u00bb1\/2&#8243;][vc_single_image image=\u00bb9092&#8243; img_size=\u00bbfull\u00bb css_animation=\u00bbleft-to-right\u00bb][\/vc_column_inner][\/vc_row_inner][\/vc_column][\/vc_row][vc_row rtl_reverse=\u00bbyes\u00bb css=\u00bb.vc_custom_1676585434070{margin-bottom: 35px !important;}\u00bb _et_uniqid=\u00bbet_custom_uniqid_new_63eea9a15f422&#8243; el_class=\u00bb.upp\u00bb][vc_column align=\u00bbcenter\u00bb offset=\u00bbvc_hidden-lg vc_hidden-md vc_hidden-sm\u00bb _et_uniqid=\u00bbet_custom_uniqid_new_63eeacf68a267&#8243; css=\u00bb.vc_custom_1676586239130{margin-top: 55px !important;margin-bottom: 55px !important;}\u00bb][vc_row_inner][vc_column_inner][vc_custom_heading text=\u00bbHistoria\u00bb font_container=\u00bbtag:h2|font_size:45|text_align:center|color:%23004b8e|line_height:25px\u00bb use_theme_fonts=\u00bbyes\u00bb][vc_custom_heading text=\u00bbECJ TECHNOLOGY S.A.\u00bb font_container=\u00bbtag:p|font_size:26|text_align:left|color:%23004b8e\u00bb use_theme_fonts=\u00bbyes\u00bb css_animation=\u00bbslideInRight\u00bb][vc_single_image image=\u00bb9082&#8243; alignment=\u00bbcenter\u00bb css=\u00bb.vc_custom_1676585876768{margin-bottom: 0px !important;}\u00bb][vc_single_image image=\u00bb9092&#8243; img_size=\u00bbfull\u00bb alignment=\u00bbcenter\u00bb][vc_column_text css=\u00bb.vc_custom_1676914770917{margin-top: 0px !important;}\u00bb]<\/p>\n<p style=\"text-align: center;\">Fundada hace 15 a\u00f1os, ECJ TECHNOLOGY S.A., est\u00e1 dedicada a la Integraci\u00f3n de Sistemas de Automatizaci\u00f3n y Servicios de Campo especializada en:<\/p>\n<p style=\"text-align: center;\">\u2705 Instrumentaci\u00f3n, Control y Automatizaci\u00f3n<br \/>\n\u2705 Sistemas de Monitoreo y Supervisi\u00f3n de Procesos<br \/>\n\u2705 Mantenimiento y construcci\u00f3n General.<br \/>\n\u2705 Ingenier\u00eda y Supervisi\u00f3n de obras.<br \/>\n\u2705 Desarrollo de Software y Programaci\u00f3n.<br \/>\nNuestro trabajo es reconocido no solo por la excelente prestaci\u00f3n de servicios en todo el Per\u00fa sino porque siempre tratamos de encontrar la mejor soluci\u00f3n para nuestros clientes estando en constante b\u00fasqueda y desarrollo de la ultima tecnolog\u00eda.<\/p>\n<p style=\"text-align: center;\">Contamos con profesionales de amplia y reconocida experiencia en cada una de las \u00e1reas de la ingenier\u00eda (Electricidad, Electr\u00f3nica, Mec\u00e1nica y Sistemas), contamos tambi\u00e9n con Consultores Externos para ciertas \u00c1reas especiales de la Ingenier\u00eda. Todos ellos altamente calificados en su especialidad y constantemente actualizados con las nuevas tecnolog\u00edas para el campo industrial.<\/p>\n<p>[\/vc_column_text][\/vc_column_inner][\/vc_row_inner][\/vc_column][\/vc_row][vc_row full_width=\u00bbstretch_row\u00bb css=\u00bb.vc_custom_1676920278617{margin-bottom: 0px !important;background-image: url(https:\/\/ecjtech.com\/inicio\/wp-content\/uploads\/2021\/06\/Footer.png?id=9147) !important;background-position: center !important;background-repeat: no-repeat !important;background-size: cover !important;}\u00bb _et_uniqid=\u00bbet_custom_uniqid_new_63f3c5d5a79d3&#8243;][vc_column width=\u00bb1\/2&#8243; _et_uniqid=\u00bbet_custom_uniqid_new_63f3b355e798f\u00bb][vc_custom_heading text=\u00bbMISI\u00d3N\u00bb font_container=\u00bbtag:h2|font_size:45|text_align:center|color:%23ffffff|line_height:35px\u00bb use_theme_fonts=\u00bbyes\u00bb css_animation=\u00bbfadeInLeft\u00bb][vc_single_image image=\u00bb9082&#8243; alignment=\u00bbcenter\u00bb css_animation=\u00bbfadeIn\u00bb css=\u00bb.vc_custom_1676661686974{margin-bottom: 0px !important;}\u00bb][vc_column_text]<\/p>\n<p style=\"text-align: JUSTIFY;\"><span style=\"color: #ffffff;\">\u00abLa misi\u00f3n de ECJ TECHNOLOGY S.A. es asegurar el \u00e9xito de nuestros proyectos en base a la experiencia y conocimiento e ir m\u00e1s all\u00e1 de la satisfacci\u00f3n del cliente, brindando asesor\u00eda en proyectos y asistencia Post Venta\u00bb.<br \/>\n\u2022 Dise\u00f1ar y construir obras, brindar servicios al \u00e1rea industrial, complementando nuestras habilidades para organizar los mejores recursos humanos y materiales para el dise\u00f1o, construcci\u00f3n y procura.<br \/>\n\u2022 Prestar servicios de ingenier\u00eda integrando totalmente la capacidad t\u00e9cnica, la calidad, la \u00e9tica y la gerencia moderna para obtener resultados \u00f3ptimos, para nuestros clientes, personal, proveedores y accionistas.<br \/>\n\u2022 Suministrar equipos de la mejor calidad, con especial cuidado en la correcta selecci\u00f3n e integraci\u00f3n a Sistemas actuales. Todas estas nuestras actividades est\u00e1n orientadas a satisfacer los requerimientos de los Clientes, a trav\u00e9s de la prestaci\u00f3n de servicios confiables y de calidad.<\/span><\/p>\n<p>[\/vc_column_text][\/vc_column][vc_column width=\u00bb1\/2&#8243; _et_uniqid=\u00bbet_custom_uniqid_new_63f3b06f2f410&#8243;][vc_custom_heading text=\u00bbVISI\u00d3N\u00bb font_container=\u00bbtag:h2|font_size:45|text_align:center|color:%23ffffff|line_height:35px\u00bb use_theme_fonts=\u00bbyes\u00bb css_animation=\u00bbfadeInLeft\u00bb][vc_single_image image=\u00bb9082&#8243; alignment=\u00bbcenter\u00bb css_animation=\u00bbfadeIn\u00bb css=\u00bb.vc_custom_1676661686974{margin-bottom: 0px !important;}\u00bb][vc_column_text css=\u00bb.vc_custom_1676920258301{margin-bottom: 85px !important;}\u00bb]<\/p>\n<p style=\"text-align: JUSTIFY;\"><span style=\"color: #ffffff;\">\u201cSer una empresa l\u00edder y con reconocimiento Internacional en servicios de ingenier\u00eda, procura, mantenimiento y construcci\u00f3n de todo tipo de proyectos\u201d. Esto quiere decir brindando servicios de calidad en permanente innovaci\u00f3n tecnol\u00f3gica, as\u00ed incrementando su valor como empresa y promoviendo el desarrollo y bienestar de su personal y sus colaboradores.\u201d<br \/>\n<\/span><\/p>\n<p>[\/vc_column_text][\/vc_column][\/vc_row][vc_row full_width=\u00bbstretch_row_content\u00bb css_animation=\u00bbfadeIn\u00bb css=\u00bb.vc_custom_1676920557585{margin-top: 0px !important;padding-top: 300px !important;padding-bottom: 350px !important;background-image: url(https:\/\/ecjtech.com\/inicio\/wp-content\/uploads\/2023\/01\/backgound-cli.jpg?id=9042) !important;background-position: center !important;background-repeat: no-repeat !important;background-size: cover !important;}\u00bb _et_uniqid=\u00bbet_custom_uniqid_new_63f3c6ed86cca\u00bb][vc_column css_animation=\u00bbfadeInDown\u00bb alignment=\u00bbcenter\u00bb _et_uniqid=\u00bbet_custom_uniqid_new_63eea9553fe35&#8243;][vc_row_inner css=\u00bb.vc_custom_1676577262020{margin-top: 35px !important;}\u00bb _et_uniqid=\u00bbet_custom_uniqid_new_63ee89e82162c\u00bb][vc_column_inner width=\u00bb1\/3&#8243;]<div data-id=\"mpc_icon_column-5969e36a7a03359\" class=\"mpc-icon-column mpc-init mpc-parent-hover mpc-transition mpc-icon-column--style_1 mpc-align--center \" ><div data-id=\"mpc_icon-3469e36a7a0633b\" class=\"mpc-icon mpc-init mpc-transition mpc-effect-none mpc-icon--image \"><div class=\"mpc-icon-wrap\"><i class=\"mpc-icon-part mpc-regular mpc-transition \"><img class=\"\" src=\"https:\/\/andes-cor.com\/wp-content\/uploads\/2023\/01\/ICON1-115x100.png\" width=\"115\" height=\"100\" alt=\"ICON1\" title=\"ICON1\" \/><\/i><\/div><\/div><div class=\"mpc-icon-column__content-wrap\"><div class=\"mpc-icon-column__content\"><h3 class=\"mpc-icon-column__heading mpc-transition\">Clientes Satisfechos<\/h3><div data-id=\"mpc_divider-8269e36a7a0640c\" class=\"mpc-divider-wrap\"><div class=\"mpc-divider mpc-init mpc-align--center mpc-disable--left \" ><div class=\"mpc-divider__line mpc-side--left\"><span><\/span><\/div><div class=\"mpc-divider__line mpc-side--right\"><span><\/span><\/div><\/div><\/div><\/div><\/div><\/div><div data-id=\"mpc_counter-9169e36a7a065a5\" class=\"mpc-counter mpc-init mpc-transition mpc-waypoint mpc-counter--style_2 mpc-align--center \" ><div class=\"mpc-counter__wrap\" data-v-align=\"middle\"><span class=\"mpc-counter__prefix\">+<\/span><div class=\"mpc-counter__counter mpc-typography--default\"><div class=\"mpc-counter--target\" data-options=\"{&quot;useEasing&quot;:true,&quot;value&quot;:665,&quot;initial&quot;:0,&quot;duration&quot;:2.649999999999999911182158029987476766109466552734375,&quot;delay&quot;:450,&quot;decimals&quot;:0,&quot;separator&quot;:&quot;&quot;,&quot;decimal&quot;:&quot;&quot;}\" data-to=\"665\">0<\/div><div class=\"mpc-counter--sizer\">665<\/div><\/div><\/div><div data-id=\"mpc_icon-3069e36a7a06660\" class=\"mpc-icon mpc-init mpc-transition mpc-effect-none \"><div class=\"mpc-icon-wrap\"><i class=\"mpc-icon-part mpc-regular mpc-transition \"><\/i><\/div><\/div><div data-id=\"mpc_divider-5169e36a7a066a8\" class=\"mpc-divider-wrap\"><div class=\"mpc-divider mpc-init mpc-align--center mpc-disable--left \" ><div class=\"mpc-divider__line mpc-side--left\"><span><\/span><\/div><div class=\"mpc-divider__line mpc-side--right\"><span><\/span><\/div><\/div><\/div><\/div>[\/vc_column_inner][vc_column_inner width=\u00bb1\/3&#8243; alignment=\u00bbcenter\u00bb _et_uniqid=\u00bbet_custom_uniqid_new_63bda9f06adb0&#8243;]<div data-id=\"mpc_icon_column-4769e36a7a06751\" class=\"mpc-icon-column mpc-init mpc-parent-hover mpc-transition mpc-icon-column--style_1 mpc-align--center \" ><div data-id=\"mpc_icon-1069e36a7a0a8ba\" class=\"mpc-icon mpc-init mpc-transition mpc-effect-none mpc-icon--image \"><div class=\"mpc-icon-wrap\"><i class=\"mpc-icon-part mpc-regular mpc-transition \"><img class=\"\" src=\"https:\/\/andes-cor.com\/wp-content\/uploads\/2023\/01\/ICON3-139x100.png\" width=\"139\" height=\"100\" alt=\"ICON3\" title=\"ICON3\" \/><\/i><\/div><\/div><div class=\"mpc-icon-column__content-wrap\"><div class=\"mpc-icon-column__content\"><h3 class=\"mpc-icon-column__heading mpc-transition\">Proyectos culminados<\/h3><div data-id=\"mpc_divider-9569e36a7a0a928\" class=\"mpc-divider-wrap\"><div class=\"mpc-divider mpc-init mpc-align--center mpc-disable--left \" ><div class=\"mpc-divider__line mpc-side--left\"><span><\/span><\/div><div class=\"mpc-divider__line mpc-side--right\"><span><\/span><\/div><\/div><\/div><\/div><\/div><\/div><div data-id=\"mpc_counter-3069e36a7a0aa25\" class=\"mpc-counter mpc-init mpc-transition mpc-waypoint mpc-counter--style_2 mpc-align--center \" ><div class=\"mpc-counter__wrap\" data-v-align=\"middle\"><span class=\"mpc-counter__prefix\">+<\/span><div class=\"mpc-counter__counter mpc-typography--default\"><div class=\"mpc-counter--target\" data-options=\"{&quot;useEasing&quot;:true,&quot;value&quot;:223,&quot;initial&quot;:0,&quot;duration&quot;:2.25,&quot;delay&quot;:450,&quot;decimals&quot;:0,&quot;separator&quot;:&quot;&quot;,&quot;decimal&quot;:&quot;&quot;}\" data-to=\"223\">0<\/div><div class=\"mpc-counter--sizer\">223<\/div><\/div><\/div><div data-id=\"mpc_icon-369e36a7a0aaa9\" class=\"mpc-icon mpc-init mpc-transition mpc-effect-none \"><div class=\"mpc-icon-wrap\"><i class=\"mpc-icon-part mpc-regular mpc-transition \"><\/i><\/div><\/div><div data-id=\"mpc_divider-3269e36a7a0aae1\" class=\"mpc-divider-wrap\"><div class=\"mpc-divider mpc-init mpc-align--center mpc-disable--left \" ><div class=\"mpc-divider__line mpc-side--left\"><span><\/span><\/div><div class=\"mpc-divider__line mpc-side--right\"><span><\/span><\/div><\/div><\/div><\/div>[\/vc_column_inner][vc_column_inner width=\u00bb1\/3&#8243;]<div data-id=\"mpc_icon_column-6569e36a7a0aba8\" class=\"mpc-icon-column mpc-init mpc-parent-hover mpc-transition mpc-icon-column--style_1 mpc-align--center \" ><div data-id=\"mpc_icon-2769e36a7a0cd74\" class=\"mpc-icon mpc-init mpc-transition mpc-effect-none mpc-icon--image \"><div class=\"mpc-icon-wrap\"><i class=\"mpc-icon-part mpc-regular mpc-transition \"><img class=\"\" src=\"https:\/\/andes-cor.com\/wp-content\/uploads\/2023\/01\/ICON2-115x100.png\" width=\"115\" height=\"100\" alt=\"ICON2\" title=\"ICON2\" \/><\/i><\/div><\/div><div class=\"mpc-icon-column__content-wrap\"><div class=\"mpc-icon-column__content\"><h3 class=\"mpc-icon-column__heading mpc-transition\">A\u00f1os de experiencia<\/h3><div data-id=\"mpc_divider-1169e36a7a0cdd7\" class=\"mpc-divider-wrap\"><div class=\"mpc-divider mpc-init mpc-align--center mpc-disable--left \" ><div class=\"mpc-divider__line mpc-side--left\"><span><\/span><\/div><div class=\"mpc-divider__line mpc-side--right\"><span><\/span><\/div><\/div><\/div><\/div><\/div><\/div><div data-id=\"mpc_counter-9669e36a7a0ceb9\" class=\"mpc-counter mpc-init mpc-transition mpc-waypoint mpc-counter--style_2 mpc-align--center \" ><div class=\"mpc-counter__wrap\" data-v-align=\"middle\"><span class=\"mpc-counter__prefix\">+<\/span><div class=\"mpc-counter__counter mpc-typography--default\"><div class=\"mpc-counter--target\" data-options=\"{&quot;useEasing&quot;:true,&quot;value&quot;:15,&quot;initial&quot;:0,&quot;duration&quot;:2.25,&quot;delay&quot;:250,&quot;decimals&quot;:0,&quot;separator&quot;:&quot;&quot;,&quot;decimal&quot;:&quot;&quot;}\" data-to=\"15\">0<\/div><div class=\"mpc-counter--sizer\">15<\/div><\/div><\/div><div data-id=\"mpc_icon-6169e36a7a0cf55\" class=\"mpc-icon mpc-init mpc-transition mpc-effect-none \"><div class=\"mpc-icon-wrap\"><i class=\"mpc-icon-part mpc-regular mpc-transition \"><\/i><\/div><\/div><div data-id=\"mpc_divider-6569e36a7a0cf82\" class=\"mpc-divider-wrap\"><div class=\"mpc-divider mpc-init mpc-align--center mpc-disable--left \" ><div class=\"mpc-divider__line mpc-side--left\"><span><\/span><\/div><div class=\"mpc-divider__line mpc-side--right\"><span><\/span><\/div><\/div><\/div><\/div>[\/vc_column_inner][\/vc_row_inner][\/vc_column][\/vc_row][vc_row rtl_reverse=\u00bbyes\u00bb _et_uniqid=\u00bbet_custom_uniqid_new_63f3c64c4a5a9&#8243; el_class=\u00bb.upp\u00bb css=\u00bb.vc_custom_1676920399488{margin-top: 45px !important;margin-bottom: 45px !important;}\u00bb][vc_column _et_uniqid=\u00bbet_custom_uniqid_new_63f3c62c6ed25&#8243;][vc_custom_heading text=\u00bbNUESTRAS REPRESENTADAS\u00bb font_container=\u00bbtag:h2|font_size:45|text_align:center|color:%23004b8e|line_height:35px\u00bb use_theme_fonts=\u00bbyes\u00bb css_animation=\u00bbfadeInLeft\u00bb][vc_single_image image=\u00bb9082&#8243; img_size=\u00bbfull\u00bb alignment=\u00bbcenter\u00bb css_animation=\u00bbfadeIn\u00bb css=\u00bb.vc_custom_1676916104666{margin-bottom: 0px !important;}\u00bb][vc_row_inner css=\u00bb.vc_custom_1676920551390{margin-bottom: 0px !important;border-bottom-width: 0px !important;}\u00bb _et_uniqid=\u00bbet_custom_uniqid_new_63f3c6e65afcd\u00bb][vc_column_inner width=\u00bb1\/2&#8243; _et_uniqid=\u00bbet_custom_uniqid_new_63f3c6e17373d\u00bb][vc_single_image image=\u00bb9360&#8243; img_size=\u00bbFULL\u00bb alignment=\u00bbcenter\u00bb][\/vc_column_inner][vc_column_inner width=\u00bb1\/2&#8243; _et_uniqid=\u00bbet_custom_uniqid_new_63f3c6dbe174c\u00bb][vc_single_image image=\u00bb9361&#8243; img_size=\u00bbFULL\u00bb alignment=\u00bbcenter\u00bb][\/vc_column_inner][\/vc_row_inner][\/vc_column][\/vc_row][vc_row css=\u00bb.vc_custom_1676586030886{margin-top: 45px !important;margin-bottom: 45px !important;}\u00bb _et_uniqid=\u00bbet_custom_uniqid_new_63eeac23e4225&#8243;][vc_column][vc_custom_heading text=\u00bbUBICACI\u00d3N\u00bb font_container=\u00bbtag:h2|font_size:45px|text_align:center|color:%23004b8e|line_height:38px\u00bb use_theme_fonts=\u00bbyes\u00bb css_animation=\u00bbslideInRight\u00bb css=\u00bb.vc_custom_1676915076122{margin-top: 45px !important;}\u00bb][vc_single_image image=\u00bb9082&#8243; alignment=\u00bbcenter\u00bb css_animation=\u00bbfadeIn\u00bb css=\u00bb.vc_custom_1676661717170{margin-bottom: 0px !important;}\u00bb][\/vc_column][\/vc_row][vc_row full_width=\u00bbstretch_row_content_no_spaces\u00bb _et_uniqid=\u00bbet_custom_uniqid_new_63f3b25b33d47&#8243;][vc_column][vc_gmaps link=\u00bb#E-8_JTNDaWZyYW1lJTIwc3JjJTNEJTIyaHR0cHMlM0ElMkYlMkZ3d3cuZ29vZ2xlLmNvbSUyRm1hcHMlMkZlbWJlZCUzRnBiJTNEJTIxMW0xOCUyMTFtMTIlMjExbTMlMjExZDM5MDEuMjE4MTg3Nzc4NjAxNSUyMTJkLTc3LjAyOTQyMTM4NTE4Njk1JTIxM2QtMTIuMDk3MjEwMjkxNDMzNzIlMjEybTMlMjExZjAlMjEyZjAlMjEzZjAlMjEzbTIlMjExaTEwMjQlMjEyaTc2OCUyMTRmMTMuMSUyMTNtMyUyMTFtMiUyMTFzMHg5MTA1Yzg2ZjUxZTM2OTU5JTI1M0EweDNiYzkxYjc5MTVjY2U3NyUyMTJzQXVndXN0byUyNTIwVGFtYXlvJTI1MjAxNTQlMjUyQyUyNTIwU2FuJTI1MjBJc2lkcm8lMjUyMDE1MDQ2JTIxNWUwJTIxM20yJTIxMXNlcy00MTklMjEyc3BlJTIxNHYxNjc2OTE1MjY2MDQ1JTIxNW0yJTIxMXNlcy00MTklMjEyc3BlJTIyJTIwd2lkdGglM0QlMjI4MDAlMjIlMjBoZWlnaHQlM0QlMjI2MDAlMjIlMjBzdHlsZSUzRCUyMmJvcmRlciUzQTAlM0IlMjIlMjBhbGxvd2Z1bGxzY3JlZW4lM0QlMjIlMjIlMjBsb2FkaW5nJTNEJTIybGF6eSUyMiUyMHJlZmVycmVycG9saWN5JTNEJTIybm8tcmVmZXJyZXItd2hlbi1kb3duZ3JhZGUlMjIlM0UlM0MlMkZpZnJhbWUlM0U=\u00bb][\/vc_column][\/vc_row]<\/p>\n<\/section>","protected":false},"excerpt":{"rendered":"<p>[vc_row rtl_reverse=\u00bbyes\u00bb _et_uniqid=\u00bbet_custom_uniqid_new_63eeacd1c8569&#8243; el_class=\u00bb.upp\u00bb][vc_column offset=\u00bbvc_hidden-xs\u00bb _et_uniqid=\u00bbet_custom_uniqid_new_63eeacd6b6bde\u00bb][vc_row_inner css=\u00bb.vc_custom_1676915591363{margin-top: 80px !important;}\u00bb _et_uniqid=\u00bbet_custom_uniqid_new_63f3b385314d7&#8243;][vc_column_inner width=\u00bb1\/2&#8243;][vc_custom_heading text=\u00bbHistor\u00eda\u00bb font_container=\u00bbtag:h2|font_size:45|text_align:left|color:%23004b8e|line_height:25px\u00bb&#8230;<\/p>\n","protected":false},"author":1,"featured_media":0,"parent":0,"menu_order":0,"comment_status":"closed","ping_status":"closed","template":"","meta":{"_joinchat":[]},"_links":{"self":[{"href":"https:\/\/andes-cor.com\/index.php?rest_route=\/wp\/v2\/pages\/9231"}],"collection":[{"href":"https:\/\/andes-cor.com\/index.php?rest_route=\/wp\/v2\/pages"}],"about":[{"href":"https:\/\/andes-cor.com\/index.php?rest_route=\/wp\/v2\/types\/page"}],"author":[{"embeddable":true,"href":"https:\/\/andes-cor.com\/index.php?rest_route=\/wp\/v2\/users\/1"}],"replies":[{"embeddable":true,"href":"https:\/\/andes-cor.com\/index.php?rest_route=%2Fwp%2Fv2%2Fcomments&post=9231"}],"version-history":[{"count":17,"href":"https:\/\/andes-cor.com\/index.php?rest_route=\/wp\/v2\/pages\/9231\/revisions"}],"predecessor-version":[{"id":9394,"href":"https:\/\/andes-cor.com\/index.php?rest_route=\/wp\/v2\/pages\/9231\/revisions\/9394"}],"wp:attachment":[{"href":"https:\/\/andes-cor.com\/index.php?rest_route=%2Fwp%2Fv2%2Fmedia&parent=9231"}],"curies":[{"name":"wp","href":"https:\/\/api.w.org\/{rel}","templated":true}]}}